366/(-1107). Suppose -21 = -n*p + 111. Calculate the remainder when 124 is divided by p.
3
Suppose -4*r = -5*l - 513, -4*r + 458 = 9*l - 41. What is the remainder when 3934 is divided by r?
124
Let q = 2622 + -2599. Calculate the remainder when q is divided by 2.
1
Let v be (-3 + 9/(-3))/(-2). Suppose 3*o - v = 4*h, -14 = -4*h - 2. Suppose 0 = 6*j + 7*j + 11*j - 528. Calculate the remainder when j is divided by o.
2
Let q be (-78)/429 - 156/(-11). Suppose 7*z + q*z - 483 = 0. What is the remainder when z is divided by (-8)/(-6)*3*3?
11
Suppose 0 = 14*n + 3879 - 3963. Calculate the remainder when ((-46)/(-3))/(8/12) is divided by n.
5
Calculate the remainder when 724 is divided by ((-477)/15)/(351/(-4680)).
300
Let j = 94514 - 56477. What is the remainder when j is divided by 13?
12
Let r(m) = m**2 + 9*m - 602. Calculate the remainder when r(25) is divided by 231.
17
Let p = 403 + 596. Let a = p - 974. What is the remainder when 299 is divided by a?
24
Let o = 9225 + -7313. What is the remainder when o is divided by 17?
8
Let j = 85 + -58. Let c(d) = -d**3 + d**2 + d + 60. Let m be c(0). Let n = m - j. What is the remainder when 128 is divided by n?
29
What is the remainder when (2 - -2)*7245/140 is divided by 106?
101
Calculate the remainder when (10 + 15)*(30/2)/5 is divided by 28.
19
Let h = 637 + -672. What is the remainder when 20 is divided by ((252/h)/(-6))/(6/80)?
4
Suppose -6*p + 11*p = 515. Suppose -j + n = -2*n - 57, 5*n = 2*j - 117. Let l = j + -45. What is the remainder when p is divided by l?
19
Let x = 1046 - -349. Suppose -27*a = 18*a - x. Calculate the remainder when a is divided by 30.
1
Suppose 3*r - 100 + 34 = 3*j, 0 = 3*r + 4*j - 80. Let q(s) = 14*s**2 - 46*s + 80. Calculate the remainder when q(2) is divided by r.
20
Let a(g) = 269*g**2 + 4*g + 1. Let t be a(-1). Suppose t = 12*o + 2*o. What is the remainder when 217/3 + 4/6 is divided by o?
16
Let j(t) = 10*t - 52 - 43 - 62 + 203. Calculate the remainder when 238 is divided by j(-3).
14
Let x be (-32)/(-6) + 4/(-3). Suppose 0*f + 3 = 3*f, 3*t = x*f - 43. Let y(v) = -2*v - 9. What is the remainder when 49 is divided by y(t)?
15
Suppose 0*p = -3*m + 2*p + 26, 32 = m + 4*p. Suppose -3*b - 19 = 11. Calculate the remainder when (-3)/(12/(-140))*(-16)/b is divided by m.
8
Let d(h) = -h**2 + 10*h + 25. Let l be d(12). What is the remainder when 150 is divided by ((-1178)/(-155))/((0 + l)/5)?
36
Let x = 7071 + -6919. What is the remainder when 158 is divided by x?
6
Let p = 536 - 512. Let t(k) = k**2 + 5*k + 2. Let n be t(-6). Suppose -n*c + p = -64. What is the remainder when 39 is divided by c?
6
Let i(h) = -32*h + 346. What is the remainder when 725 is divided by i(10)?
23
Suppose 4*h - 255 = 353. What is the remainder when 2/((-1)/(h/(-4))) is divided by 14?
6
Let b = -135 - -147. Calculate the remainder when ((-737)/(-33))/(4/b) is divided by 14.
11
Suppose -f + 12 = 8. Suppose 4*y - 121 = 5*j + 60, -98 = -2*y + f*j. Calculate the remainder when y is divided by 1.
0
Let l(d) = -3*d**3 - 2*d**2 - 2*d + 4. Suppose 0 = -v - 4293*w + 4296*w + 495, -2*v - w + 1018 = 0. Calculate the remainder when v is divided by l(-3).
69
Let t be (3/6 - (-10)/12)*3. Suppose 2*w - 2*c - 38 = 0, -w - t*c = 4 - 3. Suppose -13*q + w*q - 130 = 0. What is the remainder when q is divided by 17?
14
Suppose -255892 = -36*m - 73876. Calculate the remainder when m is divided by 115.
111
Suppose 5*w = 21 + 229. Let u = 52 - w. Suppose -l - t = -25, u*l - 2*t = 2*t + 44. What is the remainder when l is divided by 7?
3
Suppose -378*d + 104370 = 422*d - 303*d. Calculate the remainder when 1443 is divided by d.
183
Suppose k = 2*c - 1 + 9, 5*c = -15. Suppose -t + 13 = -k*u - 38, 3*t - 5*u - 149 = 0. Calculate the remainder when 210 is divided by t.
38
Let z(r) = 2*r - 92. Let t be z(-11). Let k = 138 + t. What is the remainder when k is divided by 9?
6
Let t be 4/((-5)/(-30)*7 + -1). Let m = t + -19. Let g(r) = 6*r - 3. What is the remainder when g(2) is divided by m?
4
Let z(u) be the second derivative of u**4/12 - 4*u**3/3 - 20*u**2 + 60*u - 1. Calculate the remainder when z(12) is divided by 3.
2
Let t = 12641 - 12634. What is the remainder when 478 is divided by t?
2
Suppose d = 5*s + 21, 5*d = s - 1 + 10. Suppose 2*m - 6 = -0. Calculate the remainder when (-3)/(36/(-28)) + m/(-9) is divided by d.
0
Let h = -693 - -1062. What is the remainder when h is divided by 32?
17
Suppose -4*d - 5*x = 202, d = -0*d + 3*x - 42. What is the remainder when (-748)/(-8) + (-6)/(-4) is divided by 4/((-1)/d*6)?
31
Let j(m) = -160*m + 3568. What is the remainder when 2066 is divided by j(18)?
2
Let w(c) = 1. Let i(u) = u - 22. Let t(k) = -i(k) - 5*w(k). Let h be t(15). Suppose -7*m + 65 = -h*m. Calculate the remainder when 48 is divided by m.
9
Let j(v) be the second derivative of -v**3/6 + 5*v**2 + 5*v. Let d be (-1677)/351 + (-2)/9. What is the remainder when 104 is divided by j(d)?
14
Suppose 44 = 4*p + 4*h, 5*h = -58*p + 52*p + 67. What is the remainder when 2795 is divided by p?
11
Suppose 2*v = 3*p - 174, -20*v + 16*v = -2*p + 132. What is the remainder when 2967 is divided by p?
51
Let a = 14601 + -14578. What is the remainder when 151 is divided by a?
13
Let h(z) = 103*z + 24. Let l be h(14). Suppose 10*j + 546 = l. Calculate the remainder when j is divided by 46.
0
Let w = 606842 + -606832. Let n = 75 - 6. What is the remainder when n is divided by w?
9
Let k(h) = 429*h + 775. What is the remainder when k(0) is divided by 24?
7
Suppose 361 = 5*m - 4*k, 4*m - 3*k - 287 = 2*k. Let w = m + 24. What is the remainder when w is divided by 10?
7
Let w = -61 - -68. Let s(j) = -6*j + 29 + 2*j + j + 6*j. What is the remainder when s(8) is divided by w?
4
Let q = -2234 + 2254. Let t = 146 - 94. What is the remainder when t is divided by q?
12
Suppose -m + 3*m - 2 = 0. Let p(d) = -61 + 31 + 29 + 2*d + 16*d**2. Calculate the remainder when 65 is divided by p(m).
14
Let s = -395 - -533. Suppose s = -9*q + 15*q. Calculate the remainder when 77 is divided by q.
8
Let u(g) = -2*g + 26. Let v be u(3). Calculate the remainder when 70 is divided by 528/v + (-9)/(-30)*2.
16
What is the remainder when (54/(-9) + 5)*-191 is divided by 156?
35
Let q be -4 - (-6345)/18*4/(-6). Let b = 276 + q. What is the remainder when 63 is divided by b?
26
Let n be 19 - (-4)/(16/20). Suppose n + 24 = 8*c. Let t = -59 + 112. What is the remainder when t is divided by c?
5
Suppose -5*l = -5*n - 3 - 12, -3*n - 2*l + 6 = 0. Suppose 2*q = o - 0*o - 156, 4*o + 2*q - 654 = n. Calculate the remainder when o is divided by 24.
18
Suppose 58*x - 7425 - 9279 = 0. Calculate the remainder when x is divided by 9.
0
Suppose 5*w - 4006 = -2*v, w - 127 = 2*v + 691. Calculate the remainder when w is divided by 29.
21
Suppose -39 = 9*h - 273. Calculate the remainder when (511/(-14))/(3/(-6)) is divided by h.
21
Let a = 12085 - 9014. What is the remainder when a is divided by 106?
103
What is the remainder when (-3 + -1 - -56)*2 is divided by 694/14 - -2*111/518?
4
Let t(h) = 44*h + 286. Let y be t(-6). Suppose -5*q + 44 = -3*z, 17*q - 18*q + y = -5*z. Calculate the remainder when 27 is divided by q.
6
Let x(z) = -58*z - 41. What is the remainder when x(-6) is divided by 13?
8
Let p(o) = -o**2 + 16*o + 15. Let v be p(16). Suppose -4304 = v*a - 23*a. What is the remainder when a is divided by 9?
7
Suppose v - 28 - 179 = 0. Let f = -189 + v. What is the remainder when f is divided by 8?
2
Let i = 598 - 263. Let n = i + -310. Calculate the remainder when 81 is divided by n.
6
Suppose 52*g - 27385 = 20725 - 12438. What is the remainder when g is divided by 102?
74
Suppose -o - 140 = -5*z, 0 = -z - 3*o - 48 + 92. Let s = -90 + 231. Calculate the remainder when s is divided by z.
25
Let w(h) = h**2 + 6*h + 66. Let g = -133 + 126. Calculate the remainder when w(g) is divided by 26.
21
Let o = -15 + 19. Let p = -13 + o. Let r = p + 22. Calculate the remainder when 48 is divided by r.
9
Calculate the remainder when 357 is divided by (-14)/(-4) + -3 + 37854/108.
6
Let b be (1 - 3) + (3 - (25 + -2)). What is the remainder when 272 is divided by (b/33)/(8/(-828))?
65
Let n be (3 - -7 - 6) + -46. Let c = -21 - n. What is the remainder when c is divided by 4?
1
Let f(g) = -57*g + 15.